v. What are the prime factors of k?
2, 5
Let p(h) = -h**2 - 4*h + 2. Let x be p(-4). Let n(l) = 10*l - 1. What are the prime factors of n(x)?
19
Suppose -58 - 11 = -d. List the prime factors of d.
3, 23
Suppose 0 = b + 2*x - 112, -4*b + x + 34 + 423 = 0. List the prime factors of b.
2, 3, 19
Suppose p - 20 = -0*p - 4*n, 40 = 2*p - 3*n. List the prime factors of p.
2, 5
Let f(p) = -7*p - 12. Let i be f(-8). Suppose 0 = -4*s - 3*w - 2 + i, -3*s = -3*w - 42. Suppose -2*t - s = -3*t. What are the prime factors of t?
2, 3
Suppose 2*s = -2*z - 88, -52 = -2*z + 3*z - s. Let p = -31 - z. What are the prime factors of p?
17
Suppose 424 = -0*i + 5*i - 4*o, 5*o = -5. What are the prime factors of i?
2, 3, 7
Let l(p) = -p**3 - p**2 - p - 11. Let f be l(0). Let m = f + 20. What are the prime factors of m?
3
Suppose 5*h - 16 = q - 0, 3*h = 4*q - 4. Let p = q + 5. List the prime factors of p.
3
Suppose -584 = -4*m - 2*x, -730 = -5*m + 3*x - x. What are the prime factors of m?
2, 73
Let j(n) = -n**3 + 6*n**2 - 4*n + 2. Let m be j(5). Suppose -2*f - 50 = -m*f. Let q = 15 - f. List the prime factors of q.
5
Let w = 91 + -63. What are the prime factors of w?
2, 7
Let p = -5 + 9. Suppose u + 2*i - 14 = 0, -p*u + 161 = -4*i + 45. List the prime factors of u.
2, 3
Suppose 7*x - 8*x + 3 = 0. What are the prime factors of x + (-1)/1*-37?
2, 5
Let j be 147/15 - (-1)/5. Let w = -16 + j. What are the prime factors of 31/3 - 4/w?
11
Let v = 93 + -15. List the prime factors of v.
2, 3, 13
Let i(j) = j**2 + 4*j - 4. Let w be i(-6). Suppose 2*g - w = -2*g. Suppose -g*u = 5*m - 30, 5 = -2*u + 4*m + 17. What are the prime factors of u?
2, 5
Let z = 14 + -21. List the prime factors of ((-12)/z)/(3/21).
2, 3
Let g = -49 - -22. Let v be 4*(1 - 35/(-4)). Let h = g + v. List the prime factors of h.
2, 3
Let l(y) = 26*y**2 - y - 4. What are the prime factors of l(2)?
2, 7
Let n(b) = b**2 + 6*b + 7. Suppose 2*l + 5*u + 15 = 0, 0 = 4*u + 4 - 0. Let j be n(l). What are the prime factors of (-2 - -2) + j*1?
2
Let y = 34 + -19. Suppose 0 = -4*n + 9 + 75. Let b = n - y. What are the prime factors of b?
2, 3
Let d(m) = m + 7. What are the prime factors of d(-3)?
2
Suppose 9*n - 4*n - 10 = 0. Suppose 0*l - 3*j = n*l - 4, -4*l + 3*j + 8 = 0. What are the prime factors of l?
2
Let k = 321 + -177. List the prime factors of (k/30)/((-9)/(-60)).
2
Let k be -2 + (48/(-3))/(-4). Suppose k*q + 84 = 5*q. List the prime factors of q.
2, 7
Let k be 6/(-9)*-11*33. What are the prime factors of k/8 + 6/8?
31
Suppose -4*k + 88 = -o, k + 4*o + 99 = 6*k. List the prime factors of k.
23
Let w = 2 + 0. Let n(f) = 6*f - 2*f - 2*f + w*f. What are the prime factors of n(3)?
2, 3
What are the prime factors of (14/3)/(4/6)?
7
Let t(x) = 30*x - 9. Let w(c) = 15*c - 4. Let f(d) = -3*t(d) + 7*w(d). What are the prime factors of f(2)?
29
Suppose 5*c - 3*c = 10. Suppose 3*t = -0*t + 4*u + 41, 3*u + 50 = c*t. Suppose -t = -f + 5. What are the prime factors of f?
2, 3
Let m(h) = 8*h**2 + h + 1. Suppose 2*n + 10 = 7*n. List the prime factors of m(n).
5, 7
Suppose -2*r - 1 + 15 = -3*m, -4*r + 4*m + 20 = 0. Let h be r - 1/2*-2. List the prime factors of (-1 - 1 - h)*-2.
2
Let h = 42 - 21. List the prime factors of h.
3, 7
Suppose 126 = 5*h - 34. Let r = -24 + h. What are the prime factors of r?
2
Suppose 0*c + 19 = -3*i - 2*c, -5*c = 5*i + 35. Let f(g) be the first derivative of -g**3/3 - 9*g**2/2 - 7*g - 1. What are the prime factors of f(i)?
13
Let u = 1 - 1. Suppose k + k = u. Suppose -4*f + 8 = -3*p, k = -5*f + f - 3*p + 32. What are the prime factors of f?
5
Let l(g) = g**3 - 13*g**2 + 13*g + 10. List the prime factors of l(12).
2, 11
What are the prime factors of (-2 + 16)*-11*8/(-16)?
7, 11
Let q(m) = -2*m + 2. Let f(n) = -1. Let c(k) = 2*f(k) + q(k). What are the prime factors of c(-9)?
2, 3
Let s = -161 + 289. What are the prime factors of s?
2
Suppose 5*g - 532 = -3*k, -2*g + 6*g + 2*k = 424. What are the prime factors of g?
2, 13
Suppose 4*y + 16 = 0, -3*y - 54 = i - 154. What are the prime factors of i?
2, 7
Suppose 0 = -2*q + 8, -4*q = 4*j - 3*q. List the prime factors of 2*(38/4 + j).
17
Let b(t) = t**3 - t**2 + t + 2. Let m be b(0). Let s be -14*m/(-4) - -3. Suppose -3*x + s = -2*x. List the prime factors of x.
2, 5
Suppose -2*g - 2*s = -8, -3*g + 2*s + 3 = 6. Suppose v = g - 0. List the prime factors of 2 - (v + 7)/(-1).
2, 5
Suppose -2*p = y - 3, -5*p + 11 = y - 4. Suppose p*g = -5*l + 119, 0 = 2*g + l + 14 - 75. List the prime factors of g.
31
List the prime factors of (-2 - 2) + 203 + (8 - 3).
2, 3, 17
Let i(n) = n - 5. Let m be i(4). List the prime factors of (m/2)/(1/(-4)).
2
Let l(r) = r**3 - 6*r**2 + 2*r + 2. Let a(w) = 3*w + 2*w**2 - 2*w + 3*w. Let x be a(-3). What are the prime factors of l(x)?
2, 7
What are the prime factors of 0/(-3) - 258/(-4)*2?
3, 43
Let k(v) = 2*v**2 - 8*v + 11. Let l be k(5). Suppose -6 = 3*t, -h + 5*t - 9 + l = 0. What are the prime factors of h?
2
Let f(o) = -4*o - 3. Let x(n) = -n - 1. Let q(m) = f(m) - 3*x(m). Let k be q(-2). Suppose 0 = k*d - 0 - 28. What are the prime factors of d?
2, 7
Let a = -43 + 149. What are the prime factors of a?
2, 53
Let k(f) = -f**3 + 4*f**2 + 2*f - 6. Let g be k(4). Let b = -30 - -37. Suppose 15 = -g*m + b*m. List the prime factors of m.
3
Let b be (0 - (1 - 1))/1. Suppose -4*k + x = -75, -2*k = -b*k + 2*x - 30. List the prime factors of k.
2, 3
Suppose 4*k + 4 = 0, d + 0*k = -2*k + 127. List the prime factors of d.
3, 43
What are the prime factors of (6 + (-3 - 4))*(-12 + -1)?
13
Suppose -17*d + 10*d + 1442 = 0. List the prime factors of d.
2, 103
Suppose 0*x - 616 = x. What are the prime factors of (-6)/27 - x/18?
2, 17
Let n(o) = -o**3 + 7*o**2 + 10*o - 11. Let m be n(8). Let w = 7 - m. Suppose w*i + 0*i - 16 = 0. What are the prime factors of i?
2
Let p = -214 - -311. List the prime factors of p.
97
Suppose 6*i - i = 0. Let k(w) = w + 14. List the prime factors of k(i).
2, 7
Let x(j) = 0*j + 6 - 9 + 4*j - 4. Suppose -4*p = -3*p - 4*b - 18, 4*p - 33 = 3*b. What are the prime factors of x(p)?
17
Suppose 9 = 2*k + 3. What are the prime factors of k?
3
Suppose 32 + 24 = 4*q. Let h = 31 - q. What are the prime factors of h?
17
What are the prime factors of 9/(-6) + (-951)/(-6)?
157
Let h(k) = k + 2. Let v be h(-5). Let m = v - -4. Let r = 4 + m. List the prime factors of r.
5
Let q be (-40)/3*6/(-4). What are the prime factors of ((-30)/q)/(3/(-8))?
2
Suppose -2*i + 0 = 6. Let h = i - -7. List the prime factors of h.
2
Let l(q) = q**2. Let x(k) = 4*k**2 - 1. Let j be (-2)/5 + 108/20. Let z(c) = j*l(c) - x(c). List the prime factors of z(1).
2
What are the prime factors of (636/(-18))/(6/(-9))?
53
Let v(o) be the third derivative of -3*o**4/4 + o**3/2 - 2*o**2. Let h be v(-3). Suppose -h = -4*q - 5*u, -4*u = -2*q + 4 - 8. What are the prime factors of q?
2
Let y be (-10)/(-25) + (-352)/5. Let z = -49 - y. List the prime factors of z.
3, 7
Let s(w) = 3*w**2 - 2*w - 2. Let k be 1/1 + -7 + 1. Let z(h) = h**3 + 5*h**2 + h + 7. Let u be z(k). What are the prime factors of s(u)?
2, 3
Let j(d) = -d**3 - 11*d**2 - 4. Let a be j(-11). Suppose 0 = -3*v + 2*r + 30, 2*v + 0*v = -r + 20. Let t = a + v. What are the prime factors of t?
2, 3
Let z = -106 - -226. What are the prime factors of z?
2, 3, 5
Let o(q) = q + 8. Let p(s) = s + 9. Let f be p(-9). Let u be o(f). Suppose -v + 5 + u = 0. What are the prime factors of v?
13
Suppose 2*m + 2*m = 112. Suppose 22 = 2*o - m. What are the prime factors of o?
5
Let r(g) = -g**2 - g + 3. Let b be r(0). Suppose b*s + 2*s = 110. Suppose -12 - s = -2*y. What are the prime factors of y?
17
Suppose -2*k - 888 = -3*v, -5*k + 827 = -5*v + 2307. List the prime factors of v.
2, 37
List the prime factors of (-343)/(-5) - (-10)/25.
3, 23
Let s(k) = -k**3 + 13. Let r = -4 + 4. List the prime factors of s(r).
13
Let k be 1/(-4) + 4315/(-20). What are the prime factors of (-8)/(-14) + k/(-63)?
2
Let o(l) = 46*l**2 + 3*l - 3. List the prime factors of o(1).
2, 23
Let g(d) = -d**3 + 6*d**2 + 8*d - 5. Let f = 4 - -3. What are the prime factors of g(f)?
2
Suppose 0 = 5*i - 3*f - 40, 0 = -3*i - 2*f - 2*f + 24. List the prime factors of i.
2
What are the prime factors of 1/2*-2*0 - -90?
2, 3, 5
Let c be (-4)/6*(2 - 5). Suppos